*l - 4192 = -436*l + 247*l. Let i(v) = v**2 - 4*v - 37. Calculate i(l).
-5
Let d(k) = -4*k + 86. Let b be d(14). Let z be 0*-3*(-5)/b. Let v(u) = u - 9. What is v(z)?
-9
Let q(u) be the first derivative of 110 - 3/2*u**2 - 5*u. Give q(-2).
1
Let w be ((-10)/(-8))/(3/72). Let z = w - 73. Let q = z + 36. Let u(c) = c**3 + 7*c**2 + c. Give u(q).
-7
Suppose 75 - 42 = 11*u. Let s(l) = l + l - 18*l**2 + 17*l**2 + l. Let m(a) = 4*a**2 - 12*a + 1. Let y(i) = -2*m(i) - 9*s(i). Give y(u).
-2
Let g(m) = -m**2 + 2. Suppose 206 = -5*u - 29. Let s = -50 - u. Calculate g(s).
-7
Let t(x) = 2*x - 581 + 245 + 2*x + 300. Give t(28).
76
Let a(v) = -8*v + 1. Let k be a(-1). Let n be (-5)/(-20) - 59/(-4). Let b be k*10/n - 1. Let f(u) = u**2 - 5*u - 4. Determine f(b).
-4
Let p(w) = -4*w**2 - w**3 + 7*w**2 - 2 + 5*w + 1. Let a(f) = -353*f - 15881. Let s be a(-45). Determine p(s).
3
Let d(m) be the second derivative of -51*m - 1/20*m**5 - 3*m**2 - 11/12*m**4 + 11/6*m**3 + 0. Calculate d(-12).
6
Let o = 36 + -31. Let c(x) = -x**2 + x. Suppose -2*h - 5 = 3*h, -3 = -2*t + h. Let l(b) = b**3 - b**2 + b - 6. Let q(w) = t*l(w) + 5*c(w). Calculate q(o).
-1
Let b(g) = -5 + 61*g**2 - 6*g + 28*g**2 - g - 90*g**2. What is b(-6)?
1
Let q(d) = -d - 9. Let p be q(-28). Suppose -a - a + 32 = 0. Let k = p - a. Let c(h) = h**2 - 2. Calculate c(k).
7
Let y be ((-11)/(-33) + ((-68)/(-84) - 0))*7. Let z(v) = -v**3 + 7*v**2 + 9*v. What is z(y)?
8
Let f(t) = 0*t + 3047*t**2 + 6 - 3053*t**2 + 3*t + t + t**3. Let p(i) = 16 + 7 + 4*i**3 - 15*i**2 - 8*i**2 + 15*i. Let y(l) = -9*f(l) + 2*p(l). What is y(7)?
-1
Let n(h) be the third derivative of h**3/6 + 67*h**2. Let f(y) = -y - 7. Let k(r) = -4*f(r) - 22*n(r). Calculate k(-3).
-6
Suppose -2*a - 3*r + 44 = 0, 5*r = -3*a + 52 + 18. Let t(b) = b**2 - 9*b - 23. What is t(a)?
-13
Let m be (1 + 0)*-4 + ((-56)/(-4))/7. Let d(b) = -11*b - 20. Give d(m).
2
Let m(n) = 2*n**2 + 24*n - 128. Let l(q) = -q**2 - 10*q + 64. Let x(i) = -7*l(i) - 3*m(i). Determine x(-6).
-16
Let v(c) = -c - 6. Suppose -88 = 6*l - 50*l. Suppose 1567 - 1553 = -l*i. What is v(i)?
1
Let p(u) = u**3 + 4*u**2 - 6*u - 1. Suppose -s - 3 = -13*h + 12*h, 2*s + 4*h - 12 = 0. Suppose s = -3*y + 10*y + 35. Give p(y).
4
Let d(u) be the second derivative of -u**4/12 - 3*u**3/2 - 2*u**2 + 26*u. Let k(q) = 1. Let f(b) = -d(b) - 2*k(b). Give f(-9).
2
Suppose -4*i - 21 = 3*k - 13, i = 4*k - 21. Suppose 4*n + 4*c - 16 = -c, -k*c = 0. Let v(m) = m**3 - 5*m**2 + 4*m + 1. Give v(n).
1
Suppose 25*g - 40 - 173 + 13 = 0. Let m(p) = -2*p**3 + 16*p**2 + 4*p - 13. Calculate m(g).
19
Let w = -238 + 495. Suppose 0 = 263*l - w*l - 72. Let p(b) = b - 12. Determine p(l).
0
Suppose -280 = 7*l - 27*l. Let s be (l/3)/((-26)/(-39)). Let v(z) = z**2 - 6*z - 7. What is v(s)?
0
Let f be (1/(-3))/((1122/297)/34). Let h(q) = -q**2 - 29*q - 67. Give h(f).
11
Let h be (-7 - -10)*1 + -4. Let g be h/(-9) - 8*247/936. Let b(f) = f**2 - f + 1. Let t(l) = l**3 + 5*l**2 - 2*l + 2. Let q(n) = -3*b(n) + t(n). Give q(g).
-3
Suppose -2*l = -5*m + 119 - 32, 3*l - 69 = -3*m. Suppose -3 = 3*a - 15. Suppose -a*g - 3 = -m. Let v(t) = -t**2 + 4*t + 4. Determine v(g).
4
Let o(k) = 21*k**2 - k - 1. Let w(j) = -40*j**2 - 6*j - 15. Let g(f) = 2*o(f) + w(f). Calculate g(-6).
103
Let f(r) = 13*r**2 + 325*r - 1. Let b be f(-25). Let l(j) = -11*j + 9. Give l(b).
20
Let n(k) = -8580 + 2*k + k - 8536 + 17044. Determine n(18).
-18
Suppose -445*m + 443*m = -5*l - 7, 0 = 4*m + 3*l + 51. Let h(n) = -3*n**2 - 22*n - 18. Give h(m).
-63
Let g(m) = -2*m**2 + 6*m + 9. Let l be (-248)/(-40) - (-7)/(-70)*-8. Give g(l).
-47
Let x(p) be the third derivative of -7/120*p**5 - 1/24*p**4 + 0 - 4*p**2 + 10/3*p**3 + 0*p. Let v(n) be the first derivative of x(n). Give v(-1).
6
Suppose -4*k - 4*u + 49 - 129 = 0, 0 = -4*k + 4*u - 64. Let j(i) = -i**3 - 19*i**2 - 19*i - 11. Give j(k).
7
Let q = 0 - -3. Let c = -245 - -248. Let g(h) = -h**c + 24*h + 2 - 7*h**2 - 27*h + 2*h**3 + 4*h**2. What is g(q)?
-7
Let w(d) = -d**2 + 6*d - 2. Let o be w(3). Let c(n) = -7*n + 13. Let m(s) = -2*s + 2. Let g(t) = c(t) - 3*m(t). What is g(o)?
0
Let m = 231 - 224. Suppose -m*c = 555 - 618. Let i(o) = 2*o - 13. Determine i(c).
5
Let z(l) be the third derivative of -l**4/8 - 5*l**3/2 - 2525*l**2. What is z(-5)?
0
Let s(o) = -21*o. Let n(q) = q**3 + 83*q**2 + 90*q + 658. Let x be n(-82). Determine s(x).
-42
Suppose -122 = -q - 0*q. Let v = -117 + q. Let p(k) = -6*k**3 - 11*k**2 + 7*k + 3. Let r(s) = -s**3 - s**2. Let t(b) = v*r(b) - p(b). Calculate t(-7).
-3
Suppose -r - 12 = -5*r. Let l(k) be the first derivative of -k**2 - 1/2*k**4 + k + 5/3*k**3 - 290. What is l(r)?
-14
Let m(h) = h**2 - h - 5. Suppose 5*o = 4*r + 23, 0 = -o + 5*o + 5*r - 2. Let p be (3 + o)*(-44)/(-8). Let t = -29 + p. Give m(t).
7
Let y(d) = -d**2 + 5*d + 11. Let k(c) = 2*c**2 + 58*c + 64. Suppose 5*p - 38 = 4*q + 74, 2*q = 5*p - 56. Let z be k(q). What is y(z)?
-13
Let g(m) = -m**3 + 6*m**2 + 9*m - 9. Let j be g(7). Let l(x) be the second derivative of -x**4/12 + 7*x**3/6 + x**2 + x - 6409. Determine l(j).
12
Let n(r) be the second derivative of -r**5/20 - 7*r**4/12 + 2*r**3 + 11*r**2 + 3285*r. Determine n(-8).
-10
Suppose 5*c - 57 = -2*t, 4*c + 5*t + 26 - 92 = 0. Let a(x) = -2*x**3 + 18*x**2 + 5*x - 49. Give a(c).
-4
Let y(q) = 3*q**3 + 8*q**2 - 39*q. Let s(k) = k**3 + 2*k**2 + k + 2. Let f(g) = -2*s(g) + y(g). What is f(5)?
16
Let t be 144*((-13)/(-52) - (-2)/8). Let x be ((-312)/t + 3/1)*-6. Let v(z) = z**2 - 8*z + 3. What is v(x)?
3
Let t(s) = 4*s + 31*s + 10*s**2 + 26*s + 1 + 7*s**2 - 62*s. Calculate t(-1).
19
Suppose 593 - 601 = 2*b. Let l(c) be the first derivative of -c**3/3 - 7*c**2/2 - 8*c - 25. Give l(b).
4
Let l(m) = 144*m**2 - 143*m**2 + m + 2*m + 1. Let n = 6 - 12. Let y = n - -5. Give l(y).
-1
Let c be 1 - (113/(-5) + (-9)/(-15)). Suppose 0 = -c*k + 41 + 74. Let x(f) = -f**3 + 5*f**2 + 5*f + 5. Calculate x(k).
30
Let a(p) = -p**2 - 6*p. Let h(t) = t**2 + t**3 - 3*t**2 + 0*t**2 + 2. Let f be h(2). Let u(m) = -m**3 + m**2 - 1. Let d be u(f). Calculate a(d).
5
Let x(j) = 19*j + 86. Suppose 6*p - 2*i = 9*p + 15, 3*p - 5*i + 15 = 0. Give x(p).
-9
Suppose -4*b + 7*b - 9 = -3*d, 5*b + 9 = d. Let h(v) be the second derivative of -1/12*v**d - 20*v + v**3 + 5/2*v**2 + 0. Give h(6).
5
Let q(f) = -668 + 50*f + 682 - 33*f. What is q(-2)?
-20
Suppose 0 = -3*b + 4*j + 34, 5*b = -5*j + 7 + 73. Let z(o) = 6 + 2*o**2 - o**2 + 2 - 15*o. Calculate z(b).
-6
Let v(u) = 136*u + 951. Let h be v(-7). Let f(j) = 26*j + 1. Determine f(h).
-25
Suppose 52*z = 66 + 90. Suppose o - i + 2*i - z = 0, -3*o + 3*i - 21 = 0. Let t(k) = -5*k - 1. What is t(o)?
9
Let c(f) = 2*f**2 + 28*f + 31. Suppose -1035 = 11*v + 12*v. Let d = v - -32. What is c(d)?
5
Let x(h) = 1 - 9*h + 1 + 6 - 7. Suppose 0 = -4*y - 4*k - 28, -4 = -2*y + k - 9. Let a(t) = 16*t - 2. Let q(j) = y*a(j) - 7*x(j). Calculate q(4).
-3
Let r(u) = -u - 22. Suppose -5*l - 93 = -73, 2*s - 3*l + 2 = 0. Calculate r(s).
-15
Let n(y) = 79 - 96 + 2*y - 9*y. Let t(h) = 11*h + 26. Let z(w) = -8*n(w) - 5*t(w). Let s(q) = -q - 6. Let c(m) = -3*s(m) - 2*z(m). Calculate c(0).
6
Suppose -6*q + 303 = 243. Let s(m) = 5*m + q*m - 28*m + 6*m + 5*m - 2. Give s(-2).
2
Suppose -q + 16 = -3*n, 86*n + 4*q = 85*n + 25. Let x(k) = 40*k + 116. What is x(n)?
-4
Let c(f) = 9*f**3 + 7*f**2 - 16*f + 18. Let b(x) = 5*x**3 + 3*x**2 - 8*x + 9. Let a(n) = 11*b(n) - 6*c(n). Let w(p) = 1. Let g(j) = -a(j) + 3*w(j). Give g(8).
12
Let c(j) = 6*j**2 + 27*j + 31. Let l(u) = 8*u**2 + 36*u + 41. Let k(r) = -11*c(r) + 8*l(r). Determine k(-6).
-31
Suppose -5*b + 76 = -5*k - 519, -2*k + 357 = 3*b. Let n = -112 + b. Let q(a) = 7*a**2 - 5*a + 7. Let h(u) = u**2 + 1. Let r(z) = 6*h(z) - q(z). What is r(n)?
-15
Suppose 61 - 301 = -40*i. Let k(h) = -h + 39. Determine k(i).
33
Let h(g) = 119 - 440*g - 488*g + 934*g. Calculate h(-23).
-19
Let c(p) = -p**3 + 14*p**2 - p - 39. Let v = -7811 + 7825. Give c(v).
-53
Let w(n) = 32*n + 184. Let q(r) = r + 5. Let k(m) = -24*q(m) + w(m). What is k(-8)?
0
Let o(w) = -w**2 + 32*w. Let y(u) = 613*u + 1258. Let h be y(-2). Calculate o(h).
0
Let m(g) be the second derivative of -7/6*g**3 - 50*g + 1/2*g**2 + 0. Let l be -2 - (3 + -6 + 0). Determine m(l).
-6
Let z(f) = f**3 - 5*f**2 - 2*f +